{"id":10,"date":"2018-05-23T08:16:05","date_gmt":"2018-05-23T08:16:05","guid":{"rendered":"http:\/\/aloisherdegen.de\/?page_id=10"},"modified":"2018-05-24T11:00:50","modified_gmt":"2018-05-24T09:00:50","slug":"sanitaertechnik","status":"publish","type":"page","link":"https:\/\/aloisherdegen.de\/?page_id=10","title":{"rendered":"Sanit\u00e4rtechnik"},"content":{"rendered":"<div class=\"tinymcewysiwyg\">\n<h1>Bad- und Sanit\u00e4rtechnik<\/h1>\n<\/div>\n<div class=\"tinymcewysiwyg\">\n<table style=\"height: 2086px;\" border=\"0\" width=\"898\">\n<tbody>\n<tr>\n<td rowspan=\"7\" valign=\"top\">Abschalten vom Alltag und einfach die Seele baumeln lassen. Und das alles in Ihren eigenen vier W\u00e4nden.<\/p>\n<p>&nbsp;<\/p>\n<p><strong>Neubau<\/strong><\/p>\n<p>Durchdachte Badl\u00f6sungen f\u00fcr alle Generationen<\/p>\n<p>Multifunktionelle B\u00e4der, mit au\u00dfergew\u00f6hnlichen Designs und hochwertige Materialien!<\/p>\n<p>Individuelle Vorstellungen und praktische Badl\u00f6sungen werden mit Ihnen gemeinsam schon in der Planungsphase konzipiert.<\/p>\n<p>Wir sind Ihr Ansprechpartner wenn es um die Planung und Umsetzung Ihres Traumbades geht.<\/p>\n<p>Gerne beraten wie Sie &#8211; lassen Sie sich von unseren Ideen rund ums Bad inspirieren.<\/p>\n<p>\u2022 Beratung in Planungs- und in der Bauphasen<\/p>\n<p>\u2022 Planungsunterst\u00fctzung<\/p>\n<p>\u2022 Beratung in allen Sanit\u00e4rausstattungsfragen<\/p>\n<p>\u2022 Ausf\u00fchrung\u00a0 der fachgerechten Sanit\u00e4rinstallation<\/p>\n<p>&nbsp;<\/p>\n<p><strong>Badsanierung \/ Altersgerechte Badsanierung<br \/>\n<\/strong><\/p>\n<p>Ihr Bad hat \u00fcber Jahre oder sogar Jahrzehnte seinen Zweck erf\u00fcllt? Jedes Bad kommt einmal in die Jahre!<\/p>\n<p>Badsanierung klingt oft nach Gro\u00dfbaustelle und horrenden Kosten.<\/p>\n<p>Qualit\u00e4t hat ihren Preis, doch auch f\u00fcr jedes Budget gibt es optimale L\u00f6sungen.<\/p>\n<p>Wir unterst\u00fctzen Sie bei der Planung, dem Materialeinsatz und der Realisierung Ihrer Badtr\u00e4ume und finden genau die richtige L\u00f6sung f\u00fcr Ihre Vorstellungen.<\/p>\n<h2>Unsere Leistungen:<\/h2>\n<p>\u2022Badsanierung<\/p>\n<p>\u2022Installation von Duschen und Duschkabinen<\/p>\n<p>\u2022Montage von Badewannen und Whirlpools<\/p>\n<p>\u2022Einbau von Toiletten und Sanit\u00e4ranlagen<\/p>\n<p>\u2022Erneuerung von Rohrleitungen<\/p>\n<p>\u2022ErsteHilfe bei Leitungssch\u00e4den<\/p>\n<p>&nbsp;<\/td>\n<td><\/td>\n<td><img loading=\"lazy\" decoding=\"async\" class=\"\" src=\"http:\/\/alois-herdegen.de\/files\/sanit__r6.jpg\" ismap=\"ismap\" width=\"381\" height=\"189\" \/><\/td>\n<\/tr>\n<tr>\n<td><\/td>\n<td>&nbsp;<\/p>\n<p>&nbsp;<\/p>\n<p>&nbsp;<\/p>\n<p>&nbsp;<\/p>\n<p>&nbsp;<\/p>\n<p>&nbsp;<\/p>\n<p><img loading=\"lazy\" decoding=\"async\" class=\"alignnone\" style=\"font-family: inherit; font-size: inherit;\" src=\"http:\/\/alois-herdegen.de\/files\/sanit__r2.jpg\" ismap=\"ismap\" width=\"380\" height=\"190\" \/><\/p>\n<p>&nbsp;<\/p>\n<p>&nbsp;<\/p>\n<p>&nbsp;<\/p>\n<p>&nbsp;<\/p>\n<p>&nbsp;<\/p>\n<p>&nbsp;<\/p>\n<p><img loading=\"lazy\" decoding=\"async\" style=\"font-family: inherit; font-size: inherit;\" src=\"http:\/\/alois-herdegen.de\/files\/sanit__r4.jpg\" ismap=\"ismap\" width=\"380\" height=\"190\" \/><\/td>\n<\/tr>\n<\/tbody>\n<\/table>\n<\/div>\n","protected":false},"excerpt":{"rendered":"<p>Bad- und Sanit\u00e4rtechnik Abschalten vom Alltag und einfach die Seele baumeln lassen. Und das alles in Ihren eigenen vier W\u00e4nden. &nbsp; Neubau Durchdachte Badl\u00f6sungen f\u00fcr alle Generationen Multifunktionelle B\u00e4der, mit au\u00dfergew\u00f6hnlichen Designs und hochwertige Materialien! Individuelle Vorstellungen und praktische Badl\u00f6sungen werden mit Ihnen gemeinsam schon in der Planungsphase konzipiert. Wir sind Ihr Ansprechpartner wenn es [&hellip;]<\/p>\n","protected":false},"author":1,"featured_media":0,"parent":0,"menu_order":0,"comment_status":"closed","ping_status":"closed","template":"","meta":{"footnotes":""},"class_list":["post-10","page","type-page","status-publish","hentry"],"yoast_head":"<!-- This site is optimized with the Yoast SEO plugin v20.7 - https:\/\/yoast.com\/wordpress\/plugins\/seo\/ -->\n<title>Sanit\u00e4rtechnik - Alois Herdegen GmbH<\/title>\n<meta name=\"robots\" content=\"index, follow, max-snippet:-1, max-image-preview:large, max-video-preview:-1\" \/>\n<link rel=\"canonical\" href=\"https:\/\/aloisherdegen.de\/?page_id=10\" \/>\n<meta property=\"og:locale\" content=\"de_DE\" \/>\n<meta property=\"og:type\" content=\"article\" \/>\n<meta property=\"og:title\" content=\"Sanit\u00e4rtechnik - Alois Herdegen GmbH\" \/>\n<meta property=\"og:description\" content=\"Bad- und Sanit\u00e4rtechnik Abschalten vom Alltag und einfach die Seele baumeln lassen. Und das alles in Ihren eigenen vier W\u00e4nden. &nbsp; Neubau Durchdachte Badl\u00f6sungen f\u00fcr alle Generationen Multifunktionelle B\u00e4der, mit au\u00dfergew\u00f6hnlichen Designs und hochwertige Materialien! Individuelle Vorstellungen und praktische Badl\u00f6sungen werden mit Ihnen gemeinsam schon in der Planungsphase konzipiert. Wir sind Ihr Ansprechpartner wenn es [&hellip;]\" \/>\n<meta property=\"og:url\" content=\"https:\/\/aloisherdegen.de\/?page_id=10\" \/>\n<meta property=\"og:site_name\" content=\"Alois Herdegen GmbH\" \/>\n<meta property=\"article:modified_time\" content=\"2018-05-24T09:00:50+00:00\" \/>\n<meta property=\"og:image\" content=\"http:\/\/alois-herdegen.de\/files\/sanit__r6.jpg\" \/>\n<meta name=\"twitter:card\" content=\"summary_large_image\" \/>\n<meta name=\"twitter:label1\" content=\"Gesch\u00e4tzte Lesezeit\" \/>\n\t<meta name=\"twitter:data1\" content=\"1\u00a0Minute\" \/>\n<script type=\"application\/ld+json\" class=\"yoast-schema-graph\">{\"@context\":\"https:\/\/schema.org\",\"@graph\":[{\"@type\":\"WebPage\",\"@id\":\"https:\/\/aloisherdegen.de\/?page_id=10\",\"url\":\"https:\/\/aloisherdegen.de\/?page_id=10\",\"name\":\"Sanit\u00e4rtechnik - Alois Herdegen GmbH\",\"isPartOf\":{\"@id\":\"https:\/\/aloisherdegen.de\/#website\"},\"datePublished\":\"2018-05-23T08:16:05+00:00\",\"dateModified\":\"2018-05-24T09:00:50+00:00\",\"breadcrumb\":{\"@id\":\"https:\/\/aloisherdegen.de\/?page_id=10#breadcrumb\"},\"inLanguage\":\"de\",\"potentialAction\":[{\"@type\":\"ReadAction\",\"target\":[\"https:\/\/aloisherdegen.de\/?page_id=10\"]}]},{\"@type\":\"BreadcrumbList\",\"@id\":\"https:\/\/aloisherdegen.de\/?page_id=10#breadcrumb\",\"itemListElement\":[{\"@type\":\"ListItem\",\"position\":1,\"name\":\"Startseite\",\"item\":\"https:\/\/aloisherdegen.de\/\"},{\"@type\":\"ListItem\",\"position\":2,\"name\":\"Sanit\u00e4rtechnik\"}]},{\"@type\":\"WebSite\",\"@id\":\"https:\/\/aloisherdegen.de\/#website\",\"url\":\"https:\/\/aloisherdegen.de\/\",\"name\":\"Alois Herdegen GmbH\",\"description\":\"Ihr Fachbetrieb in Winklarn\",\"publisher\":{\"@id\":\"https:\/\/aloisherdegen.de\/#organization\"},\"potentialAction\":[{\"@type\":\"SearchAction\",\"target\":{\"@type\":\"EntryPoint\",\"urlTemplate\":\"https:\/\/aloisherdegen.de\/?s={search_term_string}\"},\"query-input\":\"required name=search_term_string\"}],\"inLanguage\":\"de\"},{\"@type\":\"Organization\",\"@id\":\"https:\/\/aloisherdegen.de\/#organization\",\"name\":\"Alois Herdegen\",\"url\":\"https:\/\/aloisherdegen.de\/\",\"logo\":{\"@type\":\"ImageObject\",\"inLanguage\":\"de\",\"@id\":\"https:\/\/aloisherdegen.de\/#\/schema\/logo\/image\/\",\"url\":\"http:\/\/aloisherdegen.de\/wp-content\/uploads\/2018\/09\/logo_unten2.png\",\"contentUrl\":\"http:\/\/aloisherdegen.de\/wp-content\/uploads\/2018\/09\/logo_unten2.png\",\"width\":1951,\"height\":643,\"caption\":\"Alois Herdegen\"},\"image\":{\"@id\":\"https:\/\/aloisherdegen.de\/#\/schema\/logo\/image\/\"}}]}<\/script>\n<!-- \/ Yoast SEO plugin. -->","yoast_head_json":{"title":"Sanit\u00e4rtechnik - Alois Herdegen GmbH","robots":{"index":"index","follow":"follow","max-snippet":"max-snippet:-1","max-image-preview":"max-image-preview:large","max-video-preview":"max-video-preview:-1"},"canonical":"https:\/\/aloisherdegen.de\/?page_id=10","og_locale":"de_DE","og_type":"article","og_title":"Sanit\u00e4rtechnik - Alois Herdegen GmbH","og_description":"Bad- und Sanit\u00e4rtechnik Abschalten vom Alltag und einfach die Seele baumeln lassen. Und das alles in Ihren eigenen vier W\u00e4nden. &nbsp; Neubau Durchdachte Badl\u00f6sungen f\u00fcr alle Generationen Multifunktionelle B\u00e4der, mit au\u00dfergew\u00f6hnlichen Designs und hochwertige Materialien! Individuelle Vorstellungen und praktische Badl\u00f6sungen werden mit Ihnen gemeinsam schon in der Planungsphase konzipiert. Wir sind Ihr Ansprechpartner wenn es [&hellip;]","og_url":"https:\/\/aloisherdegen.de\/?page_id=10","og_site_name":"Alois Herdegen GmbH","article_modified_time":"2018-05-24T09:00:50+00:00","og_image":[{"url":"http:\/\/alois-herdegen.de\/files\/sanit__r6.jpg"}],"twitter_card":"summary_large_image","twitter_misc":{"Gesch\u00e4tzte Lesezeit":"1\u00a0Minute"},"schema":{"@context":"https:\/\/schema.org","@graph":[{"@type":"WebPage","@id":"https:\/\/aloisherdegen.de\/?page_id=10","url":"https:\/\/aloisherdegen.de\/?page_id=10","name":"Sanit\u00e4rtechnik - Alois Herdegen GmbH","isPartOf":{"@id":"https:\/\/aloisherdegen.de\/#website"},"datePublished":"2018-05-23T08:16:05+00:00","dateModified":"2018-05-24T09:00:50+00:00","breadcrumb":{"@id":"https:\/\/aloisherdegen.de\/?page_id=10#breadcrumb"},"inLanguage":"de","potentialAction":[{"@type":"ReadAction","target":["https:\/\/aloisherdegen.de\/?page_id=10"]}]},{"@type":"BreadcrumbList","@id":"https:\/\/aloisherdegen.de\/?page_id=10#breadcrumb","itemListElement":[{"@type":"ListItem","position":1,"name":"Startseite","item":"https:\/\/aloisherdegen.de\/"},{"@type":"ListItem","position":2,"name":"Sanit\u00e4rtechnik"}]},{"@type":"WebSite","@id":"https:\/\/aloisherdegen.de\/#website","url":"https:\/\/aloisherdegen.de\/","name":"Alois Herdegen GmbH","description":"Ihr Fachbetrieb in Winklarn","publisher":{"@id":"https:\/\/aloisherdegen.de\/#organization"},"potentialAction":[{"@type":"SearchAction","target":{"@type":"EntryPoint","urlTemplate":"https:\/\/aloisherdegen.de\/?s={search_term_string}"},"query-input":"required name=search_term_string"}],"inLanguage":"de"},{"@type":"Organization","@id":"https:\/\/aloisherdegen.de\/#organization","name":"Alois Herdegen","url":"https:\/\/aloisherdegen.de\/","logo":{"@type":"ImageObject","inLanguage":"de","@id":"https:\/\/aloisherdegen.de\/#\/schema\/logo\/image\/","url":"http:\/\/aloisherdegen.de\/wp-content\/uploads\/2018\/09\/logo_unten2.png","contentUrl":"http:\/\/aloisherdegen.de\/wp-content\/uploads\/2018\/09\/logo_unten2.png","width":1951,"height":643,"caption":"Alois Herdegen"},"image":{"@id":"https:\/\/aloisherdegen.de\/#\/schema\/logo\/image\/"}}]}},"_links":{"self":[{"href":"https:\/\/aloisherdegen.de\/index.php?rest_route=\/wp\/v2\/pages\/10","targetHints":{"allow":["GET"]}}],"collection":[{"href":"https:\/\/aloisherdegen.de\/index.php?rest_route=\/wp\/v2\/pages"}],"about":[{"href":"https:\/\/aloisherdegen.de\/index.php?rest_route=\/wp\/v2\/types\/page"}],"author":[{"embeddable":true,"href":"https:\/\/aloisherdegen.de\/index.php?rest_route=\/wp\/v2\/users\/1"}],"replies":[{"embeddable":true,"href":"https:\/\/aloisherdegen.de\/index.php?rest_route=%2Fwp%2Fv2%2Fcomments&post=10"}],"version-history":[{"count":4,"href":"https:\/\/aloisherdegen.de\/index.php?rest_route=\/wp\/v2\/pages\/10\/revisions"}],"predecessor-version":[{"id":82,"href":"https:\/\/aloisherdegen.de\/index.php?rest_route=\/wp\/v2\/pages\/10\/revisions\/82"}],"wp:attachment":[{"href":"https:\/\/aloisherdegen.de\/index.php?rest_route=%2Fwp%2Fv2%2Fmedia&parent=10"}],"curies":[{"name":"wp","href":"https:\/\/api.w.org\/{rel}","templated":true}]}}

Sanitärtechnik

<div class="tinymcewysiwyg">
<h1>Bad- und Sanitärtechnik</h1>
</div>
<div class="tinymcewysiwyg">
<table style="height: 2086px;" border="0" width="898">
<tbody>
<tr>
<td rowspan="7" valign="top">Abschalten vom Alltag und einfach die Seele baumeln lassen. Und das alles in Ihren eigenen vier Wänden.</p>
<p>&nbsp;</p>
<p><strong>Neubau</strong></p>
<p>Durchdachte Badlösungen für alle Generationen</p>
<p>Multifunktionelle Bäder, mit außergewöhnlichen Designs und hochwertige Materialien!</p>
<p>Individuelle Vorstellungen und praktische Badlösungen werden mit Ihnen gemeinsam schon in der Planungsphase konzipiert.</p>
<p>Wir sind Ihr Ansprechpartner wenn es um die Planung und Umsetzung Ihres Traumbades geht.</p>
<p>Gerne beraten wie Sie &#8211; lassen Sie sich von unseren Ideen rund ums Bad inspirieren.</p>
<p>• Beratung in Planungs- und in der Bauphasen</p>
<p>• Planungsunterstützung</p>
<p>• Beratung in allen Sanitärausstattungsfragen</p>
<p>• Ausführung  der fachgerechten Sanitärinstallation</p>
<p>&nbsp;</p>
<p><strong>Badsanierung / Altersgerechte Badsanierung<br />
</strong></p>
<p>Ihr Bad hat über Jahre oder sogar Jahrzehnte seinen Zweck erfüllt? Jedes Bad kommt einmal in die Jahre!</p>
<p>Badsanierung klingt oft nach Großbaustelle und horrenden Kosten.</p>
<p>Qualität hat ihren Preis, doch auch für jedes Budget gibt es optimale Lösungen.</p>
<p>Wir unterstützen Sie bei der Planung, dem Materialeinsatz und der Realisierung Ihrer Badträume und finden genau die richtige Lösung für Ihre Vorstellungen.</p>
<h2>Unsere Leistungen:</h2>
<p>•Badsanierung</p>
<p>•Installation von Duschen und Duschkabinen</p>
<p>•Montage von Badewannen und Whirlpools</p>
<p>•Einbau von Toiletten und Sanitäranlagen</p>
<p>•Erneuerung von Rohrleitungen</p>
<p>•ErsteHilfe bei Leitungsschäden</p>
<p>&nbsp;</td>
<td></td>
<td><img loading="lazy" decoding="async" class="" src="http://alois-herdegen.de/files/sanit__r6.jpg" ismap="ismap" width="381" height="189" /></td>
</tr>
<tr>
<td></td>
<td>&nbsp;</p>
<p>&nbsp;</p>
<p>&nbsp;</p>
<p>&nbsp;</p>
<p>&nbsp;</p>
<p>&nbsp;</p>
<p><img loading="lazy" decoding="async" class="alignnone" style="font-family: inherit; font-size: inherit;" src="http://alois-herdegen.de/files/sanit__r2.jpg" ismap="ismap" width="380" height="190" /></p>
<p>&nbsp;</p>
<p>&nbsp;</p>
<p>&nbsp;</p>
<p>&nbsp;</p>
<p>&nbsp;</p>
<p>&nbsp;</p>
<p><img loading="lazy" decoding="async" style="font-family: inherit; font-size: inherit;" src="http://alois-herdegen.de/files/sanit__r4.jpg" ismap="ismap" width="380" height="190" /></td>
</tr>
</tbody>
</table>
</div>

<p>Bad- und Sanitärtechnik Abschalten vom Alltag und einfach die Seele baumeln lassen. Und das alles in Ihren eigenen vier Wänden. &nbsp; Neubau Durchdachte Badlösungen für alle Generationen Multifunktionelle Bäder, mit außergewöhnlichen Designs und hochwertige Materialien! Individuelle Vorstellungen und praktische Badlösungen werden mit Ihnen gemeinsam schon in der Planungsphase konzipiert. Wir sind Ihr Ansprechpartner wenn es [&hellip;]</p>

<!-- This site is optimized with the Yoast SEO plugin v20.7 - https://yoast.com/wordpress/plugins/seo/ -->
<title>Sanitärtechnik - Alois Herdegen GmbH</title>
<meta name="robots" content="index, follow, max-snippet:-1, max-image-preview:large, max-video-preview:-1" />
<link rel="canonical" href="https://aloisherdegen.de/?page_id=10" />
<meta property="og:locale" content="de_DE" />
<meta property="og:type" content="article" />
<meta property="og:title" content="Sanitärtechnik - Alois Herdegen GmbH" />
<meta property="og:description" content="Bad- und Sanitärtechnik Abschalten vom Alltag und einfach die Seele baumeln lassen. Und das alles in Ihren eigenen vier Wänden. &nbsp; Neubau Durchdachte Badlösungen für alle Generationen Multifunktionelle Bäder, mit außergewöhnlichen Designs und hochwertige Materialien! Individuelle Vorstellungen und praktische Badlösungen werden mit Ihnen gemeinsam schon in der Planungsphase konzipiert. Wir sind Ihr Ansprechpartner wenn es [&hellip;]" />
<meta property="og:url" content="https://aloisherdegen.de/?page_id=10" />
<meta property="og:site_name" content="Alois Herdegen GmbH" />
<meta property="article:modified_time" content="2018-05-24T09:00:50+00:00" />
<meta property="og:image" content="http://alois-herdegen.de/files/sanit__r6.jpg" />
<meta name="twitter:card" content="summary_large_image" />
<meta name="twitter:label1" content="Geschätzte Lesezeit" />
	<meta name="twitter:data1" content="1 Minute" />
<script type="application/ld+json" class="yoast-schema-graph">{"@context":"https://schema.org","@graph":[{"@type":"WebPage","@id":"https://aloisherdegen.de/?page_id=10","url":"https://aloisherdegen.de/?page_id=10","name":"Sanitärtechnik - Alois Herdegen GmbH","isPartOf":{"@id":"https://aloisherdegen.de/#website"},"datePublished":"2018-05-23T08:16:05+00:00","dateModified":"2018-05-24T09:00:50+00:00","breadcrumb":{"@id":"https://aloisherdegen.de/?page_id=10#breadcrumb"},"inLanguage":"de","potentialAction":[{"@type":"ReadAction","target":["https://aloisherdegen.de/?page_id=10"]}]},{"@type":"BreadcrumbList","@id":"https://aloisherdegen.de/?page_id=10#breadcrumb","itemListElement":[{"@type":"ListItem","position":1,"name":"Startseite","item":"https://aloisherdegen.de/"},{"@type":"ListItem","position":2,"name":"Sanitärtechnik"}]},{"@type":"WebSite","@id":"https://aloisherdegen.de/#website","url":"https://aloisherdegen.de/","name":"Alois Herdegen GmbH","description":"Ihr Fachbetrieb in Winklarn","publisher":{"@id":"https://aloisherdegen.de/#organization"},"potentialAction":[{"@type":"SearchAction","target":{"@type":"EntryPoint","urlTemplate":"https://aloisherdegen.de/?s={search_term_string}"},"query-input":"required name=search_term_string"}],"inLanguage":"de"},{"@type":"Organization","@id":"https://aloisherdegen.de/#organization","name":"Alois Herdegen","url":"https://aloisherdegen.de/","logo":{"@type":"ImageObject","inLanguage":"de","@id":"https://aloisherdegen.de/#/schema/logo/image/","url":"http://aloisherdegen.de/wp-content/uploads/2018/09/logo_unten2.png","contentUrl":"http://aloisherdegen.de/wp-content/uploads/2018/09/logo_unten2.png","width":1951,"height":643,"caption":"Alois Herdegen"},"image":{"@id":"https://aloisherdegen.de/#/schema/logo/image/"}}]}</script>
<!-- / Yoast SEO plugin. -->

Sanitärtechnik - Alois Herdegen GmbH

Bad- und Sanitärtechnik Abschalten vom Alltag und einfach die Seele baumeln lassen. Und das alles in Ihren eigenen vier Wänden. &nbsp; Neubau Durchdachte Badlösungen für alle Generationen Multifunktionelle Bäder, mit außergewöhnlichen Designs und hochwertige Materialien! Individuelle Vorstellungen und praktische Badlösungen werden mit Ihnen gemeinsam schon in der Planungsphase konzipiert. Wir sind Ihr Ansprechpartner wenn es [&hellip;]
